6
Suppose -4*p + 8 = 0, -4*i + p = -0*p - 14. Let c be 24/10*10/i. Let g(n) be the third derivative of n**4/24 + 2*n**2. Determine g(c).
6
Let i(h) = -2*h - 3. Let k = 13 - 9. Suppose 0 = -36*z + 35*z - k. Determine i(z).
5
Let l(k) be the second derivative of -k**7/840 + k**6/72 + 7*k**5/120 + k**4/4 - 5*k**3/6 - 6*k. Let r(n) be the second derivative of l(n). Give r(6).
12
Let g = 262 + -257. Let z(t) = t**3 - 5*t**2 - 2. Calculate z(g).
-2
Let v(u) = -1 + 0 + 8 + u + 12 + u. Determine v(-15).
-11
Let g(t) = -3*t + 8*t**2 - 3*t - 7 + 2 - t**3. Suppose 3*d = -2*m - 1, -4*d + m + 27 - 10 = 0. Suppose -a + d*s + 4 = -0*s, 3*s = 3. Give g(a).
2
Suppose -3*w + 30 = 3*m, 4*w - 9*w + 15 = 0. Suppose -m*g = -10*g + 15. Let s(x) = -2*x**2 + 6*x + 7. What is s(g)?
-13
Suppose 23 = 5*v - v - 3*h, -3*v + 2*h + 16 = 0. Suppose 0 = q - 2 - v. Let i(t) = -t + 4. Give i(q).
0
Let g(q) be the second derivative of 0 - 1/360*q**6 + 1/120*q**5 - 4/3*q**3 + 3*q + 0*q**4 + 0*q**2. Let t(d) be the second derivative of g(d). Give t(1).
0
Let x(s) = -s**3 - 5*s**2 - 2*s - 6. Let q = 81 + -77. Suppose -q*k - 33 = -13. What is x(k)?
4
Let c be ((-4)/6)/((-28)/294). Let o(f) = 3*f - 5. Calculate o(c).
16
Let w(b) be the second derivative of 1/3*b**3 - b**2 - b + 0 + 1/6*b**4. Suppose 77*j + 36 = -55*j + 114*j. Calculate w(j).
2
Let u(x) = x - 8. Let d(i) = -i + 5. Let o(v) = -3*d(v) - 2*u(v). Determine o(-6).
-5
Let k be (-3)/6 + 108/8. Let z(n) = n + 11*n**2 - 6*n**2 - 1 - 6*n**2 - k*n**3. Let j be (2/(-3))/(2*2/(-6)). Determine z(j).
-14
Let o be -2 + 7/((-28)/12). Let c(v) = v + 2. What is c(o)?
-3
Let u be ((-28)/(-42))/((-29)/27 + 1). Let g(x) = -x**2 - 5*x + 6. Calculate g(u).
-30
Let r(i) = i + 10. Suppose -a + 2*a = -5*m - 19, 15 = -3*m + 3*a. What is r(m)?
6
Let g(f) = -2*f**3 + 2*f**2 - 2*f. Let x(r) = 3*r**3 - 5*r**2 + 5*r. Let s(p) = -5*g(p) - 2*x(p). Let w be 1/(2/(-4)*2). Give s(w).
-4
Let t(j) = -j**2 + 16*j - 12. Let n be t(15). Let k(b) = 2*b**2 + b - 1. Let q(p) = -p**2 + 1. Let m(l) = k(l) + 3*q(l). Give m(n).
-4
Let j(l) = l - 1. Let q(g) = -g**2 + g - 10. Let o(y) = 6*j(y) - q(y). Let f be 2/(-2) + 3/(-1). Determine o(f).
0
Let f(w) be the third derivative of w**8/840 - w**6/720 - 7*w**4/12 + 2*w**2. Let c(u) be the second derivative of f(u). What is c(1)?
7
Let q(a) = -a + 4. Suppose 32*k = 29*k + 12. Suppose -23*u - k = -19*u. Let n = u + -2. Determine q(n).
7
Let g(d) = d**2 - 7*d + 4. Suppose 42 = -13*n + 27*n. Determine g(n).
-8
Let v(d) = 27*d**3 + 2*d**2 - 16 + 13 + 0 + 2. What is v(1)?
28
Let n(i) be the first derivative of i**4/4 - 4*i**3/3 - 3*i**2 - 3*i + 244. Give n(5).
-8
Let a(g) be the second derivative of -g**6/360 + g**5/30 + 29*g**4/12 + 13*g. Let x(v) be the third derivative of a(v). Give x(7).
-10
Let p(d) = d**2 + d. Suppose -23*w + 18*w + 15 = 0. Suppose -5 = 3*a + 4*o - 2*o, 0 = -a + w*o - 9. Give p(a).
6
Let o(u) = u**3 + u**2 - 2*u + 1. Let k = -29 - -36. Let t = -9 + k. What is o(t)?
1
Let l(m) be the first derivative of -m**7/840 - m**6/90 + m**5/20 + 7*m**4/24 - 2*m**3/3 + 4. Let d(b) be the third derivative of l(b). Give d(-5).
2
Let x(n) be the third derivative of -n**6/60 + n**5/30 - n**3/6 - 2*n**2. Let i be 2*2*(-20)/80. What is x(i)?
3
Let u(h) be the first derivative of h - 11 + 3/2*h**2. Calculate u(6).
19
Let i(b) = -b**3 - b**2 - 2*b + 1. Let j(v) = -22*v**3 + 2*v - 1. Let o(k) = i(k) + j(k). Calculate o(1).
-24
Suppose 1190*x = 1183*x + 42. Let v(m) = -2*m + 2. Let r(u) = -2*u + 3. Let w(t) = -6*r(t) + 5*v(t). Give w(x).
4
Let f = 61 - 55. Suppose -f*q + q = 5. Let c(y) = -8*y**2 - y - 1. Give c(q).
-8
Suppose 2*d - 5*d = 0, 2*q - 4*d - 2 = 0. Let y(g) be the first derivative of 3*g**4/4 + g**3/3 - g + 12. Calculate y(q).
3
Let a(n) = -37*n**2 + 6*n + 12. Let b(p) = -30*p**2 + 6*p + 10. Let z(l) = -4*a(l) + 5*b(l). Determine z(6).
-34
Let x(d) be the second derivative of 0 - 5/3*d**3 - 2*d + 1/2*d**2. Determine x(1).
-9
Let g be (-2)/(-8) - (-2)/(-8). Let l(p) = -p - 6*p - 47 + 42 + p**3 + 6*p. Calculate l(g).
-5
Let c(b) = 6*b + 19. Let q = 2002 - 2004. What is c(q)?
7
Let n(g) = -4*g**2 + 3*g**2 - g**3 - 4*g**3 + g. Let s(q) = q**3 + 10*q**2 + 15*q - 7. Let o = -60 + 52. Let l be s(o). Determine n(l).
-5
Let m(l) = 2*l + 3. Let c(j) = 4*j + 5. Let w(o) = 6*c(o) - 13*m(o). Let q be 2/(-6) - 0 - (-28)/(-6). Let r be (2 + q + -3)/1. Calculate w(r).
3
Let p(u) be the second derivative of -u**5/20 - 5*u**4/6 + 5*u**3/2 - 5*u**2/2 - 88*u. Determine p(-11).
-49
Let f(p) = p**3 - 2*p**2 - 5*p + 8. Let l be 15 + -17 + (4 - -2). Determine f(l).
20
Let n(a) be the third derivative of a**5/60 + 3*a**4/8 + a**3/2 + 2*a**2. Let v be 10/(-4)*(-1)/((-177)/(-48) + -4). Determine n(v).
-5
Let f(b) be the first derivative of -b**3/3 - 7*b**2/2 - 12*b + 79. What is f(-5)?
-2
Suppose 0 = -3*r + 4*g + 1, 3*g + 9 = 11*r - 6*r. Let h(p) = 2*p**2 + 2*p - 1. What is h(r)?
23
Let o(c) = 5*c + 1. Suppose -2*r - 5*f = 7, r + 8*f = 5*f - 4. Calculate o(r).
-4
Suppose 27 = 12*z - 21. Let r(h) = h**3 - 4*h**2 - 3*h + 4. Give r(z).
-8
Let j = -78 - -79. Let q(y) = y**3 + 6*y**2 - 2*y + 6. Let m(b) = 6*b**3 - 2*b**3 + 3*b**2 - 4*b**2 - 3*b**3 - 1. Let x(a) = -5*m(a) - q(a). What is x(j)?
-6
Let a be 2/(32/(-12))*(-4 + 0). Let d(f) = f - 5*f + a + 2*f + 3*f. Give d(-2).
1
Let z(y) = 10*y**2 - 19*y + 7*y + y**3 + 0 + 10*y + 18*y + 1. Determine z(-8).
1
Let n = -2079 + 2087. Let x(z) = 4*z - 39. Calculate x(n).
-7
Let g = 23 - 11. Let b(y) = 4 - y**3 - 16 + 0*y**3 - 11*y**2 + g*y**2. Let k be 3 - -3*(-2)/2. Determine b(k).
-12
Let s(o) = -5*o + 9. Let y(p) = -3*p + 5. Let d(c) = 4*s(c) - 7*y(c). Let b(f) = -2*f - 1. Suppose -q + 3 = -2*k, 0 = -2*k - 2. Let t be b(q). What is d(t)?
-2
Let z(n) = -4*n - 23 - 24 + 81 - 27. What is z(-5)?
27
Let d(a) = -a**2 + 4*a + 2. Let b = -9 - -6. Let c be -1 - (b - -3) - -6. Let g be c - 2 - (-3 - -1). Determine d(g).
-3
Let q(y) = -6 + 6*y**2 + y + 0 - 2 + y**3. Let d(t) = -12*t + 40. Let b be d(7). Let c = 38 + b. Determine q(c).
-14
Let u(s) = s**2 + 12*s + 7. Let q be u(-12). Let f = 3 - q. Let g(z) = z**2 + 6*z + 2. Give g(f).
-6
Let k(x) = x - 420 + 230 + x**2 + 186. What is k(-3)?
2
Let x = -942 - -937. Let v(f) be the second derivative of -f**3/2 - 7*f**2/2 - 7*f. Give v(x).
8
Let f(v) = v**3 + 8*v**2 + 4*v - 17. Let g be (-148)/20 + (-28)/(-70). Calculate f(g).
4
Let w be (-2 + 0 - (2 - 5)) + 2. Let a(k) = -3*k + 5. Let d be a(w). Let v(m) = -m - 5. Determine v(d).
-1
Let w(d) = 570*d - 190*d - 183*d - 184*d. Suppose 0*m = 4*m - 4. Let q = 0 - m. Calculate w(q).
-13
Let q(i) = i. Let h(j) = -8*j + 3. Let a be h(-8). Let r = a + -62. Calculate q(r).
5
Let p(r) = 3*r - 1. Let q(f) = -10*f - 4. Let k(c) = 3*p(c) + q(c). Calculate k(-6).
-1
Let p(u) = u**3 - 4 + 2 + 2*u - 3*u**2 + 0. Let d = 1081 - 1079. Determine p(d).
-2
Let c(b) = -b**3 - b**2 + 3*b - 4. Let h(k) = -k - 4. Let r be h(-6). Suppose -r*x - 10 = -22. Let s(i) = i**2 - 6*i - 3. Let n be s(x). Give c(n).
5
Let r(v) be the second derivative of v**4/12 + 2*v**3/3 + 3*v**2 - 138*v. Give r(-6).
18
Let q(t) = -t**3 - 2*t**2 + 4*t + 5. Let m = -1 + 1. Suppose -i - 12 = 4*l, m*l - 3*l = i + 10. What is q(i)?
21
Let s(w) be the third derivative of w**5/60 - 5*w**4/24 + 5*w**3/6 + 24*w**2. Give s(4).
1
Let v = 25 - 6. Suppose 0 = 9*y + 26 + v. Let a(g) = g. Give a(y).
-5
Let x(y) be the first derivative of y**2/2 + y - 23. Let l be (-2)/1 - (-4 + 0). Give x(l).
3
Let q(a) = a**3 + a - 1. Let o = 0 - -3. Let j(v) = -4*v**3 - 4*v**2 - 5*v + 3. Let w(b) = o*q(b) + j(b). Calculate w(-2).
-4
Suppose 6*h - 30 = 11*h. Let v(n) = n**2 + 6*n + 5. Determine v(h).
5
Let h(g) = -g. Let r be h(-2). Let b(o) be the second derivative of -1/2*o**2 - 1/2*o**3 + 0 + 14*o. Calculate b(r).
-7
Let t(s) = -s**3 - 5*s**2 + 5*s - 5. Let f = -948 + 942. Calculate t(f).
1
Let k(x) = -4522*x + 4519*x + x**2 + 14 - 7. Give k(5).
17
Let k(s) = 2*s**2 + 159*s**3 - 160*s**3 + 3 + 4*s**2 - 2*s**2 + 0*s**2 - 2*s. Give k(2).
7
Let x(v) = 17*v + 145. Let d be x(-8). Let u(k) = -k + 6. Determine u(d).
-3
Let o(k) = 3*k - 3. Let t be (-1 + 8/20)*5. What is o(t)?
-12
Let r(o) = o + 16. Let w(h) = 4*h + 87. Let g(v) = 11*r(v) - 2*w(v). Give g(-8).
-22
Suppose w = -4 + 8. Suppose -w*